682871.
3, 13, 113, 269953
What are the prime factors of 942449904?
2, 3, 11, 66109
List the prime factors of 512311168.
2, 4002431
What are the prime factors of 60898174?
2, 181, 168227
What are the prime factors of 1173277372?
2, 17, 17254079
What are the prime factors of 22484472?
2, 3, 17, 55109
List the prime factors of 790943601.
3, 7, 37663981
List the prime factors of 156669092.
2, 2579, 15187
List the prime factors of 515334878.
2, 14149, 18211
List the prime factors of 97152628.
2, 3539, 6863
What are the prime factors of 45055273?
691, 65203
List the prime factors of 30233313.
3, 11, 19, 16073
List the prime factors of 604945068.
2, 3, 7, 13, 17, 32587
List the prime factors of 114487786.
2, 7, 8177699
List the prime factors of 994032685.
5, 1321, 150497
List the prime factors of 525324.
2, 3, 43777
What are the prime factors of 2339486?
2, 727, 1609
List the prime factors of 5124708751.
5124708751
What are the prime factors of 2223731305?
5, 89, 97, 51517
List the prime factors of 519828671.
307, 461, 3673
What are the prime factors of 1889380648?
2, 236172581
List the prime factors of 533700046.
2, 11, 24259093
What are the prime factors of 6267786672?
2, 3, 7, 23, 179, 197
What are the prime factors of 673337081?
31, 211, 311, 331
List the prime factors of 269560097.
31, 1367, 6361
What are the prime factors of 628220874?
2, 3, 104703479
List the prime factors of 214972213.
19, 251, 45077
List the prime factors of 1383667814.
2, 20749, 33343
What are the prime factors of 575896662?
2, 3, 11, 83, 11681
List the prime factors of 296027073.
3, 239, 137623
What are the prime factors of 6331511597?
6331511597
List the prime factors of 604717648.
2, 37794853
What are the prime factors of 426316238?
2, 213158119
What are the prime factors of 2205277439?
691, 3191429
List the prime factors of 578082882.
2, 3, 13, 83, 89293
List the prime factors of 5635847972.
2, 5953, 236681
List the prime factors of 31727806.
2, 11, 1442173
List the prime factors of 789511064.
2, 23, 701, 6121
List the prime factors of 540545343.
3, 13, 13860137
What are the prime factors of 48792159?
3, 13, 17, 37
List the prime factors of 342315416.
2, 37, 293, 3947
List the prime factors of 776377818.
2, 3, 14377367
What are the prime factors of 70635129?
3, 23545043
List the prime factors of 5803005401.
5803005401
List the prime factors of 973446942.
2, 3, 13, 12480089
What are the prime factors of 1163881082?
2, 7, 13, 59, 283, 383
List the prime factors of 1729475067.
3, 83, 6945683
What are the prime factors of 332118791?
332118791
What are the prime factors of 10782859?
137, 78707
What are the prime factors of 59444899?
59444899
List the prime factors of 89607010.
2, 5, 8960701
List the prime factors of 565008041.
13, 23, 163, 11593
What are the prime factors of 266341593?
3, 7, 12682933
What are the prime factors of 38641420?
2, 5, 1932071
List the prime factors of 41923128.
2, 3, 13, 134369
What are the prime factors of 3171804760?
2, 5, 79295119
List the prime factors of 171857437.
17, 10109261
List the prime factors of 710541956.
2, 53, 59, 56807
What are the prime factors of 239279?
29, 37, 223
List the prime factors of 296842349.
296842349
What are the prime factors of 399608450?
2, 5, 137, 58337
What are the prime factors of 461955917?
137, 839, 4019
What are the prime factors of 574446066?
2, 3, 59, 1622729
What are the prime factors of 51336803?
7, 19, 385991
What are the prime factors of 2304403860?
2, 3, 5, 11, 317411
List the prime factors of 6950535.
3, 5, 17, 97, 281
What are the prime factors of 75017389?
37, 2027497
List the prime factors of 126810342.
2, 3, 991, 7109
What are the prime factors of 2347967954?
2, 17, 251, 275131
What are the prime factors of 3827746488?
2, 3, 97, 1644221
What are the prime factors of 53488787?
11, 349, 13933
List the prime factors of 96828043.
13, 233, 2459
What are the prime factors of 119606134?
2, 43, 1069, 1301
What are the prime factors of 4173479094?
2, 3, 695579849
What are the prime factors of 1028428069?
31, 33175099
What are the prime factors of 36753228?
2, 3, 31, 32933
What are the prime factors of 527913223?
17, 31053719
List the prime factors of 25756507.
7, 97, 5419
What are the prime factors of 960223618?
2, 157, 3058037
What are the prime factors of 4456606806?
2, 3, 247589267
List the prime factors of 5154854.
2, 2577427
List the prime factors of 126406716.
2, 3, 31, 373, 911
List the prime factors of 15622307.
15622307
List the prime factors of 5025583041.
3, 311, 5386477
What are the prime factors of 17232356?
2, 17, 253417
List the prime factors of 62597472.
2, 3, 7, 93151
What are the prime factors of 38655688?
2, 17, 284233
List the prime factors of 1076090983.
11, 97826453
What are the prime factors of 2987889298?
2, 17, 281, 312737
List the prime factors of 1187366602.
2, 233, 2547997
What are the prime factors of 373643718?
2, 3, 7, 1270897
What are the prime factors of 35961311?
35961311
List the prime factors of 2118497630.
2, 5, 211849763
What are the prime factors of 53183150?
2, 5, 41, 25943
List the prime factors of 154500978.
2, 3, 43, 598841
What are the prime factors of 133087911?
3, 11, 4032967
List the prime factors of 239192598.
2, 3, 39865433
What are the prime factors of 1389669894?
2, 3, 1201, 64283
What are the prime factors of 143609812?
2, 17, 2111909
What are the prime factors of 2111870251?
2111870251
List the prime factors of 80943977.
80943977
List the prime factors of 119925027.
3, 359, 37117
List the prime factors of 5871859888.
2, 23, 15956141
List the prime factors of 4776451543.
229, 20857867
What are the prime factors of 128795038?
2, 67, 961157
List the prime factors of 827168887.
827168887
List the prime factors of 28005396.
2, 3, 2333783
List the prime factors of 338839.
338839
What are the prime factors of 1083430257?
3, 7, 13, 179, 22171
What are the prime factors of 19177074?
2, 3, 7, 1879
List the prime factors of 1026163245.
3, 5, 1109, 61687
What are the prime factors of 131271385?
5, 7, 3750611
List the prime factors of 115095497.
11, 149, 70223
What are the prime factors of 49065870?
2, 3, 5, 7, 31, 7537
What are the prime factors of 80045169?
3, 26681723
List the prime factors of 26990893.
281, 96053
List the prime factors of 585947474.
2, 7, 41853391
List the prime factors of 559474167.
3, 7, 59, 451553
List the prime factors of 35944718.
2, 17972359
List the prime factors of 84859571.
1109, 76519
What are the prime factors of 80144799?
3, 7, 547, 6977
List the prime factors of 58674186.
2, 3, 1086559
What are the prime factors of 1641340723?
11, 149212793
List the prime factors of 37861822.
2, 17, 53, 21011
List the prime factors of 24995781.
3, 2777309
List the prime factors of 884660180.
2, 5, 44233009
List the prime factors of 4191760547.
13, 322443119
What are the prime factors of 2081434780?
2, 5, 17, 43, 142369
List the prime factors of 449436007.
2539, 177013
What are the prime factors of 1102060899?
3, 839, 145949
What are the prime factors of 199701804?
2, 3, 43, 107, 3617
What are the prime factors of 7116115?
5, 17, 83719
List the prime factors of 3913270888.
2, 489158861
List the prime factors of 57993100.
2, 5, 11, 52721
What are the prime factors of 92781?
3, 13, 61
What are the prime factors of 312327639?
3, 13, 479, 5573
What are the prime factors of 801129131?
11, 17, 4284113
What are the prime factors of 171233428?
2, 42808357
What are the prime factors of 565360709?
2953, 191453
What are the prime factors of 95312897?
17, 23, 43, 5669
What are the prime factors of 73638590?
2, 5, 61, 1979
What are the prime factors of 335504829?
3, 11, 10166813
List the prime factors of 117544770.
2, 3, 5, 7, 20731
List the prime factors of 351385120.
2, 5, 59, 37223
What are the prime factors of 154958463?
3, 11, 223, 7019
List the prime factors of 10876859.
7, 1553837
What are the prime factors of 35054193?
3, 463, 25237
What are the prime factors of 199077520?
2, 5, 2488469
List the prime factors of 27203048.
2, 281, 12101
List the prime factors of 1452536863.
509, 2853707
List the prime factors of 286530547.
286530547
What are the prime factors of 206142791?
206142791
What are the prime factors of 2624792406?
2, 3, 1427, 306563
What ar